{"id":890,"date":"2017-08-10T13:04:03","date_gmt":"2017-08-10T11:04:03","guid":{"rendered":"http:\/\/jtpomiar.pl\/?page_id=890"},"modified":"2020-12-07T16:48:21","modified_gmt":"2020-12-07T15:48:21","slug":"promocjeprzenosny-analizator-parametrow-sieci-elektrycznej-myebox-circutor","status":"publish","type":"page","link":"https:\/\/jupro-taim.pl\/jtpomiar\/promocjeprzenosny-analizator-parametrow-sieci-elektrycznej-myebox-circutor\/","title":{"rendered":"Promocje &#8211; Przeno\u015bny analizator parametr\u00f3w sieci elektrycznej MYeBOX Circutor"},"content":{"rendered":"<p><a href=\"https:\/\/jupro-taim.pl\/jtpomiar\/produkt\/przenosne-analizatory-parametrow-sieci\/nowosc-myebox-przenosny-analizator-sieci-jakosci-zasilania\/\"><img fetchpriority=\"high\" decoding=\"async\" src=\"https:\/\/jupro-taim.pl\/jtpomiar\/wp-content\/uploads\/2017\/09\/mailing_MYEBOX.jpg\" alt=\"\" width=\"901\" height=\"493\" \/><\/a><\/p>\n<p><img decoding=\"async\" class=\"alignleft size-full wp-image-151\" src=\"https:\/\/jupro-taim.pl\/jtpomiar\/wp-content\/uploads\/2017\/03\/file-download.png\" alt=\"\" width=\"25\" height=\"26\" \/> <a href=\"https:\/\/jupro-taim.pl\/jtpomiar\/wp-content\/uploads\/2017\/06\/datasheet_myebox_pl.pdf\">Karta katalogowa &#8211; polska<\/a><\/p>\n<p><img decoding=\"async\" class=\"alignleft size-full wp-image-151\" src=\"https:\/\/jupro-taim.pl\/jtpomiar\/wp-content\/uploads\/2017\/03\/file-download.png\" alt=\"\" width=\"25\" height=\"26\" \/> <a href=\"https:\/\/jupro-taim.pl\/jtpomiar\/wp-content\/uploads\/2017\/06\/folder_myebox_pl.pdf\">Ulotka o produkcie<\/a><\/p>\n<p><img decoding=\"async\" class=\"alignleft size-full wp-image-151\" src=\"https:\/\/jupro-taim.pl\/jtpomiar\/wp-content\/uploads\/2017\/03\/file-download.png\" alt=\"\" width=\"25\" height=\"26\" \/> <a href=\"https:\/\/jupro-taim.pl\/jtpomiar\/wp-content\/uploads\/2017\/06\/manualmyeboxpl.pdf\">Instrukcja obs\u0142ugi &#8211; polska<\/a><\/p>\n<hr \/>\n<p><img decoding=\"async\" class=\"aligncenter\" src=\"https:\/\/jupro-taim.pl\/jtpomiar\/wp-content\/uploads\/2017\/09\/mailing_kompensacja.jpg\" alt=\"\" width=\"900\" height=\"44\" \/><\/p>\n<table>\n<tbody>\n<tr>\n<td><img loading=\"lazy\" decoding=\"async\" class=\"aligncenter\" src=\"https:\/\/jupro-taim.pl\/jtpomiar\/wp-content\/uploads\/2017\/09\/mailing_kompensacja2.jpg\" width=\"320\" height=\"203\" \/><\/td>\n<td><img loading=\"lazy\" decoding=\"async\" class=\"aligncenter\" src=\"https:\/\/jupro-taim.pl\/jtpomiar\/wp-content\/uploads\/2017\/09\/mailing_kompensacja3.jpg\" alt=\"\" width=\"320\" height=\"203\" \/><\/td>\n<\/tr>\n<\/tbody>\n<\/table>\n<p><img decoding=\"async\" class=\"alignleft size-full wp-image-151\" src=\"https:\/\/jupro-taim.pl\/jtpomiar\/wp-content\/uploads\/2017\/03\/file-download.png\" alt=\"\" width=\"25\" height=\"26\" \/> <a href=\"https:\/\/jupro-taim.pl\/jtpomiar\/wp-content\/uploads\/2017\/06\/dp_clz-hd_pl.pdf\">Karta katalogowa &#8211; polska<\/a><\/p>\n<p style=\"text-align: center;\"><span style=\"font-size: 24px;\"><strong><span style=\"color: #0000ff;\">MASZ WI\u0118CEJ PYTA\u0143 ????<\/span><\/strong><\/span><\/p>\n<p style=\"text-align: center;\"><span style=\"font-size: 20px;\"><strong><span style=\"color: #0000ff;\">SKONTAKTUJ SI\u0118 Z NASZYMI SPECJALISTAMI<\/span><\/strong><\/span><\/p>\n<p style=\"text-align: center;\"><span style=\"font-size: 16px;\"><strong>email: <a href=\"mailto:jozwiak@jupro-taim.pl\">jozwiak@jupro-taim.pl<\/a>, tel. 664 905 100<\/strong><\/span><\/p>\n","protected":false},"excerpt":{"rendered":"<p>Karta katalogowa &#8211; polska Ulotka o produkcie Instrukcja obs\u0142ugi &#8211; polska Karta katalogowa &#8211; polska MASZ WI\u0118CEJ PYTA\u0143 ???? SKONTAKTUJ SI\u0118 Z NASZYMI SPECJALISTAMI email: jozwiak@jupro-taim.pl, tel. 664 905 100<\/p>\n","protected":false},"author":1,"featured_media":905,"parent":0,"menu_order":0,"comment_status":"closed","ping_status":"closed","template":"","meta":{"footnotes":""},"class_list":["post-890","page","type-page","status-publish","has-post-thumbnail","hentry"],"yoast_head":"<!-- This site is optimized with the Yoast SEO plugin v26.1.1 - https:\/\/yoast.com\/wordpress\/plugins\/seo\/ -->\n<title>Przeno\u015bny analizator parametr\u00f3w sieci MYeBOX CIRCUTOR<\/title>\n<meta name=\"description\" content=\"Przeno\u015bny analizator parametr\u00f3w sieci MYeBOX, c\u0119gi pomiarowe, komunikacja WIFI, 3G, CIRCUTOR\" \/>\n<meta name=\"robots\" content=\"index, follow, max-snippet:-1, max-image-preview:large, max-video-preview:-1\" \/>\n<link rel=\"canonical\" href=\"https:\/\/jupro-taim.pl\/jtpomiar\/promocjeprzenosny-analizator-parametrow-sieci-elektrycznej-myebox-circutor\/\" \/>\n<meta property=\"og:locale\" content=\"pl_PL\" \/>\n<meta property=\"og:type\" content=\"article\" \/>\n<meta property=\"og:title\" content=\"Przeno\u015bny analizator parametr\u00f3w sieci MYeBOX CIRCUTOR\" \/>\n<meta property=\"og:description\" content=\"Przeno\u015bny analizator parametr\u00f3w sieci MYeBOX, c\u0119gi pomiarowe, komunikacja WIFI, 3G, CIRCUTOR\" \/>\n<meta property=\"og:url\" content=\"https:\/\/jupro-taim.pl\/jtpomiar\/promocjeprzenosny-analizator-parametrow-sieci-elektrycznej-myebox-circutor\/\" \/>\n<meta property=\"og:site_name\" content=\"Jupro Taim Pomiar\" \/>\n<meta property=\"article:modified_time\" content=\"2020-12-07T15:48:21+00:00\" \/>\n<meta property=\"og:image\" content=\"https:\/\/jupro-taim.pl\/jtpomiar\/wp-content\/uploads\/2017\/09\/mailing_myebox.jpg\" \/>\n\t<meta property=\"og:image:width\" content=\"901\" \/>\n\t<meta property=\"og:image:height\" content=\"493\" \/>\n\t<meta property=\"og:image:type\" content=\"image\/jpeg\" \/>\n<meta name=\"twitter:card\" content=\"summary_large_image\" \/>\n<script type=\"application\/ld+json\" class=\"yoast-schema-graph\">{\"@context\":\"https:\/\/schema.org\",\"@graph\":[{\"@type\":\"WebPage\",\"@id\":\"https:\/\/jupro-taim.pl\/jtpomiar\/promocjeprzenosny-analizator-parametrow-sieci-elektrycznej-myebox-circutor\/\",\"url\":\"https:\/\/jupro-taim.pl\/jtpomiar\/promocjeprzenosny-analizator-parametrow-sieci-elektrycznej-myebox-circutor\/\",\"name\":\"Przeno\u015bny analizator parametr\u00f3w sieci MYeBOX CIRCUTOR\",\"isPartOf\":{\"@id\":\"https:\/\/jupro-taim.pl\/jtpomiar\/#website\"},\"primaryImageOfPage\":{\"@id\":\"https:\/\/jupro-taim.pl\/jtpomiar\/promocjeprzenosny-analizator-parametrow-sieci-elektrycznej-myebox-circutor\/#primaryimage\"},\"image\":{\"@id\":\"https:\/\/jupro-taim.pl\/jtpomiar\/promocjeprzenosny-analizator-parametrow-sieci-elektrycznej-myebox-circutor\/#primaryimage\"},\"thumbnailUrl\":\"https:\/\/jupro-taim.pl\/jtpomiar\/wp-content\/uploads\/2017\/09\/mailing_myebox.jpg\",\"datePublished\":\"2017-08-10T11:04:03+00:00\",\"dateModified\":\"2020-12-07T15:48:21+00:00\",\"description\":\"Przeno\u015bny analizator parametr\u00f3w sieci MYeBOX, c\u0119gi pomiarowe, komunikacja WIFI, 3G, CIRCUTOR\",\"breadcrumb\":{\"@id\":\"https:\/\/jupro-taim.pl\/jtpomiar\/promocjeprzenosny-analizator-parametrow-sieci-elektrycznej-myebox-circutor\/#breadcrumb\"},\"inLanguage\":\"pl-PL\",\"potentialAction\":[{\"@type\":\"ReadAction\",\"target\":[\"https:\/\/jupro-taim.pl\/jtpomiar\/promocjeprzenosny-analizator-parametrow-sieci-elektrycznej-myebox-circutor\/\"]}]},{\"@type\":\"ImageObject\",\"inLanguage\":\"pl-PL\",\"@id\":\"https:\/\/jupro-taim.pl\/jtpomiar\/promocjeprzenosny-analizator-parametrow-sieci-elektrycznej-myebox-circutor\/#primaryimage\",\"url\":\"https:\/\/jupro-taim.pl\/jtpomiar\/wp-content\/uploads\/2017\/09\/mailing_myebox.jpg\",\"contentUrl\":\"https:\/\/jupro-taim.pl\/jtpomiar\/wp-content\/uploads\/2017\/09\/mailing_myebox.jpg\",\"width\":901,\"height\":493},{\"@type\":\"BreadcrumbList\",\"@id\":\"https:\/\/jupro-taim.pl\/jtpomiar\/promocjeprzenosny-analizator-parametrow-sieci-elektrycznej-myebox-circutor\/#breadcrumb\",\"itemListElement\":[{\"@type\":\"ListItem\",\"position\":1,\"name\":\"Strona g\u0142\u00f3wna\",\"item\":\"https:\/\/jupro-taim.pl\/jtpomiar\/\"},{\"@type\":\"ListItem\",\"position\":2,\"name\":\"Promocje &#8211; Przeno\u015bny analizator parametr\u00f3w sieci elektrycznej MYeBOX Circutor\"}]},{\"@type\":\"WebSite\",\"@id\":\"https:\/\/jupro-taim.pl\/jtpomiar\/#website\",\"url\":\"https:\/\/jupro-taim.pl\/jtpomiar\/\",\"name\":\"Jupro Taim Pomiar\",\"description\":\"Kompleksowe rozwi\u0105zania dla przemys\u0142u\",\"publisher\":{\"@id\":\"https:\/\/jupro-taim.pl\/jtpomiar\/#organization\"},\"potentialAction\":[{\"@type\":\"SearchAction\",\"target\":{\"@type\":\"EntryPoint\",\"urlTemplate\":\"https:\/\/jupro-taim.pl\/jtpomiar\/?s={search_term_string}\"},\"query-input\":{\"@type\":\"PropertyValueSpecification\",\"valueRequired\":true,\"valueName\":\"search_term_string\"}}],\"inLanguage\":\"pl-PL\"},{\"@type\":\"Organization\",\"@id\":\"https:\/\/jupro-taim.pl\/jtpomiar\/#organization\",\"name\":\"Jupro Taim K.Krawczy\u0144ska i S-ka Sp.J.\",\"url\":\"https:\/\/jupro-taim.pl\/jtpomiar\/\",\"logo\":{\"@type\":\"ImageObject\",\"inLanguage\":\"pl-PL\",\"@id\":\"https:\/\/jupro-taim.pl\/jtpomiar\/#\/schema\/logo\/image\/\",\"url\":\"https:\/\/jupro-taim.pl\/jtpomiar\/wp-content\/uploads\/2017\/08\/juprotaim_pomiar.jpg\",\"contentUrl\":\"https:\/\/jupro-taim.pl\/jtpomiar\/wp-content\/uploads\/2017\/08\/juprotaim_pomiar.jpg\",\"width\":520,\"height\":145,\"caption\":\"Jupro Taim K.Krawczy\u0144ska i S-ka Sp.J.\"},\"image\":{\"@id\":\"https:\/\/jupro-taim.pl\/jtpomiar\/#\/schema\/logo\/image\/\"}}]}<\/script>\n<!-- \/ Yoast SEO plugin. -->","yoast_head_json":{"title":"Przeno\u015bny analizator parametr\u00f3w sieci MYeBOX CIRCUTOR","description":"Przeno\u015bny analizator parametr\u00f3w sieci MYeBOX, c\u0119gi pomiarowe, komunikacja WIFI, 3G, CIRCUTOR","robots":{"index":"index","follow":"follow","max-snippet":"max-snippet:-1","max-image-preview":"max-image-preview:large","max-video-preview":"max-video-preview:-1"},"canonical":"https:\/\/jupro-taim.pl\/jtpomiar\/promocjeprzenosny-analizator-parametrow-sieci-elektrycznej-myebox-circutor\/","og_locale":"pl_PL","og_type":"article","og_title":"Przeno\u015bny analizator parametr\u00f3w sieci MYeBOX CIRCUTOR","og_description":"Przeno\u015bny analizator parametr\u00f3w sieci MYeBOX, c\u0119gi pomiarowe, komunikacja WIFI, 3G, CIRCUTOR","og_url":"https:\/\/jupro-taim.pl\/jtpomiar\/promocjeprzenosny-analizator-parametrow-sieci-elektrycznej-myebox-circutor\/","og_site_name":"Jupro Taim Pomiar","article_modified_time":"2020-12-07T15:48:21+00:00","og_image":[{"width":901,"height":493,"url":"https:\/\/jupro-taim.pl\/jtpomiar\/wp-content\/uploads\/2017\/09\/mailing_myebox.jpg","type":"image\/jpeg"}],"twitter_card":"summary_large_image","schema":{"@context":"https:\/\/schema.org","@graph":[{"@type":"WebPage","@id":"https:\/\/jupro-taim.pl\/jtpomiar\/promocjeprzenosny-analizator-parametrow-sieci-elektrycznej-myebox-circutor\/","url":"https:\/\/jupro-taim.pl\/jtpomiar\/promocjeprzenosny-analizator-parametrow-sieci-elektrycznej-myebox-circutor\/","name":"Przeno\u015bny analizator parametr\u00f3w sieci MYeBOX CIRCUTOR","isPartOf":{"@id":"https:\/\/jupro-taim.pl\/jtpomiar\/#website"},"primaryImageOfPage":{"@id":"https:\/\/jupro-taim.pl\/jtpomiar\/promocjeprzenosny-analizator-parametrow-sieci-elektrycznej-myebox-circutor\/#primaryimage"},"image":{"@id":"https:\/\/jupro-taim.pl\/jtpomiar\/promocjeprzenosny-analizator-parametrow-sieci-elektrycznej-myebox-circutor\/#primaryimage"},"thumbnailUrl":"https:\/\/jupro-taim.pl\/jtpomiar\/wp-content\/uploads\/2017\/09\/mailing_myebox.jpg","datePublished":"2017-08-10T11:04:03+00:00","dateModified":"2020-12-07T15:48:21+00:00","description":"Przeno\u015bny analizator parametr\u00f3w sieci MYeBOX, c\u0119gi pomiarowe, komunikacja WIFI, 3G, CIRCUTOR","breadcrumb":{"@id":"https:\/\/jupro-taim.pl\/jtpomiar\/promocjeprzenosny-analizator-parametrow-sieci-elektrycznej-myebox-circutor\/#breadcrumb"},"inLanguage":"pl-PL","potentialAction":[{"@type":"ReadAction","target":["https:\/\/jupro-taim.pl\/jtpomiar\/promocjeprzenosny-analizator-parametrow-sieci-elektrycznej-myebox-circutor\/"]}]},{"@type":"ImageObject","inLanguage":"pl-PL","@id":"https:\/\/jupro-taim.pl\/jtpomiar\/promocjeprzenosny-analizator-parametrow-sieci-elektrycznej-myebox-circutor\/#primaryimage","url":"https:\/\/jupro-taim.pl\/jtpomiar\/wp-content\/uploads\/2017\/09\/mailing_myebox.jpg","contentUrl":"https:\/\/jupro-taim.pl\/jtpomiar\/wp-content\/uploads\/2017\/09\/mailing_myebox.jpg","width":901,"height":493},{"@type":"BreadcrumbList","@id":"https:\/\/jupro-taim.pl\/jtpomiar\/promocjeprzenosny-analizator-parametrow-sieci-elektrycznej-myebox-circutor\/#breadcrumb","itemListElement":[{"@type":"ListItem","position":1,"name":"Strona g\u0142\u00f3wna","item":"https:\/\/jupro-taim.pl\/jtpomiar\/"},{"@type":"ListItem","position":2,"name":"Promocje &#8211; Przeno\u015bny analizator parametr\u00f3w sieci elektrycznej MYeBOX Circutor"}]},{"@type":"WebSite","@id":"https:\/\/jupro-taim.pl\/jtpomiar\/#website","url":"https:\/\/jupro-taim.pl\/jtpomiar\/","name":"Jupro Taim Pomiar","description":"Kompleksowe rozwi\u0105zania dla przemys\u0142u","publisher":{"@id":"https:\/\/jupro-taim.pl\/jtpomiar\/#organization"},"potentialAction":[{"@type":"SearchAction","target":{"@type":"EntryPoint","urlTemplate":"https:\/\/jupro-taim.pl\/jtpomiar\/?s={search_term_string}"},"query-input":{"@type":"PropertyValueSpecification","valueRequired":true,"valueName":"search_term_string"}}],"inLanguage":"pl-PL"},{"@type":"Organization","@id":"https:\/\/jupro-taim.pl\/jtpomiar\/#organization","name":"Jupro Taim K.Krawczy\u0144ska i S-ka Sp.J.","url":"https:\/\/jupro-taim.pl\/jtpomiar\/","logo":{"@type":"ImageObject","inLanguage":"pl-PL","@id":"https:\/\/jupro-taim.pl\/jtpomiar\/#\/schema\/logo\/image\/","url":"https:\/\/jupro-taim.pl\/jtpomiar\/wp-content\/uploads\/2017\/08\/juprotaim_pomiar.jpg","contentUrl":"https:\/\/jupro-taim.pl\/jtpomiar\/wp-content\/uploads\/2017\/08\/juprotaim_pomiar.jpg","width":520,"height":145,"caption":"Jupro Taim K.Krawczy\u0144ska i S-ka Sp.J."},"image":{"@id":"https:\/\/jupro-taim.pl\/jtpomiar\/#\/schema\/logo\/image\/"}}]}},"_links":{"self":[{"href":"https:\/\/jupro-taim.pl\/jtpomiar\/wp-json\/wp\/v2\/pages\/890","targetHints":{"allow":["GET"]}}],"collection":[{"href":"https:\/\/jupro-taim.pl\/jtpomiar\/wp-json\/wp\/v2\/pages"}],"about":[{"href":"https:\/\/jupro-taim.pl\/jtpomiar\/wp-json\/wp\/v2\/types\/page"}],"author":[{"embeddable":true,"href":"https:\/\/jupro-taim.pl\/jtpomiar\/wp-json\/wp\/v2\/users\/1"}],"replies":[{"embeddable":true,"href":"https:\/\/jupro-taim.pl\/jtpomiar\/wp-json\/wp\/v2\/comments?post=890"}],"version-history":[{"count":22,"href":"https:\/\/jupro-taim.pl\/jtpomiar\/wp-json\/wp\/v2\/pages\/890\/revisions"}],"predecessor-version":[{"id":1470,"href":"https:\/\/jupro-taim.pl\/jtpomiar\/wp-json\/wp\/v2\/pages\/890\/revisions\/1470"}],"wp:featuredmedia":[{"embeddable":true,"href":"https:\/\/jupro-taim.pl\/jtpomiar\/wp-json\/wp\/v2\/media\/905"}],"wp:attachment":[{"href":"https:\/\/jupro-taim.pl\/jtpomiar\/wp-json\/wp\/v2\/media?parent=890"}],"curies":[{"name":"wp","href":"https:\/\/api.w.org\/{rel}","templated":true}]}}