{"id":825,"date":"2017-06-30T13:40:52","date_gmt":"2017-06-30T11:40:52","guid":{"rendered":"http:\/\/jtpomiar.pl\/?page_id=825"},"modified":"2017-06-30T13:40:52","modified_gmt":"2017-06-30T11:40:52","slug":"metronic-akp","status":"publish","type":"page","link":"https:\/\/jupro-taim.pl\/jtpomiar\/producenci\/metronic-akp\/","title":{"rendered":"METRONIC AKP"},"content":{"rendered":"\n\n\n<div id=\"wpv-view-layout-817\" class=\"js-wpv-view-layout js-wpv-layout-responsive js-wpv-view-layout-817\" data-viewnumber=\"817\" data-pagination=\"{&quot;id&quot;:&quot;817&quot;,&quot;query&quot;:&quot;normal&quot;,&quot;type&quot;:&quot;disabled&quot;,&quot;effect&quot;:&quot;fade&quot;,&quot;duration&quot;:500,&quot;speed&quot;:5,&quot;pause_on_hover&quot;:&quot;disabled&quot;,&quot;stop_rollover&quot;:&quot;false&quot;,&quot;cache_pages&quot;:&quot;enabled&quot;,&quot;preload_images&quot;:&quot;enabled&quot;,&quot;preload_pages&quot;:&quot;enabled&quot;,&quot;preload_reach&quot;:1,&quot;spinner&quot;:&quot;builtin&quot;,&quot;spinner_image&quot;:&quot;https:\/\/jupro-taim.pl\/jtpomiar\/wp-content\/plugins\/wp-views\/res\/img\/ajax-loader.gif&quot;,&quot;callback_next&quot;:&quot;&quot;,&quot;manage_history&quot;:&quot;disabled&quot;,&quot;has_controls_in_form&quot;:&quot;disabled&quot;,&quot;infinite_tolerance&quot;:&quot;0&quot;,&quot;max_pages&quot;:0,&quot;page&quot;:1,&quot;base_permalink&quot;:&quot;\/jtpomiar\/wp-json\/wp\/v2\/pages\/825?wpv_view_count=817&amp;wpv_paged=WPV_PAGE_NUM&quot;,&quot;loop&quot;:{&quot;type&quot;:&quot;&quot;,&quot;name&quot;:&quot;&quot;,&quot;data&quot;:[],&quot;id&quot;:0}}\" data-permalink=\"\/jtpomiar\/wp-json\/wp\/v2\/pages\/825?wpv_view_count=817\">\n\n\t\n\t\n\t\n      <div class=\"produkt\">\n        <div class=\"produkt-fot\"><div class=\"produkt-fot2\"><img decoding=\"async\" src=\"https:\/\/jupro-taim.pl\/jtpomiar\/wp-content\/uploads\/2017\/03\/metronic_bc3.png\" \/><\/div><\/div>\n        <div class=\"produkt-txt\">\n          <h2>Dozownik BC3<\/h2>\n\t\t\t<p>Dozownik s\u0142u\u017cy do odmierzania zadanej ilo\u015bci medium poprzez wsp\u00f3\u0142prac\u0119 z przep\u0142ywomierzem oraz odpowiednie sterowanie zaworem\/zaworami za pomoc\u0105 wyj\u015b\u0107 przeka\u017anikowych lub analogowych 4-20mA.<\/p>\n\n          <a href=\"https:\/\/jupro-taim.pl\/jtpomiar\/produkt\/przeliczniki-przeplywu-i-energii\/dozownik-bc3\/\" class=\"prodlink\" title=\"Dozownik BC3\">Szczeg\u00f3\u0142y produktu<\/a>\n        <\/div><div class=\"clr\"><\/div>\n        <\/div>\n\t\n      <div class=\"produkt\">\n        <div class=\"produkt-fot\"><div class=\"produkt-fot2\"><img decoding=\"async\" src=\"https:\/\/jupro-taim.pl\/jtpomiar\/wp-content\/uploads\/2017\/03\/metronic_bc3n.png\" \/><\/div><\/div>\n        <div class=\"produkt-txt\">\n          <h2>Dozownik BC3N<\/h2>\n\t\t\t<p>Dozownik s\u0142u\u017cy do odmierzania zadanej ilo\u015bci medium poprzez wsp\u00f3\u0142prac\u0119 z przep\u0142ywomierzem oraz odpowiednie sterowanie zaworem\/zaworami za pomoc\u0105 wyj\u015b\u0107 przeka\u017anikowych lub analogowych 4-20mA.<\/p>\n\n          <a href=\"https:\/\/jupro-taim.pl\/jtpomiar\/produkt\/przeliczniki-przeplywu-i-energii\/dozownik-bc3n\/\" class=\"prodlink\" title=\"Dozownik BC3N\">Szczeg\u00f3\u0142y produktu<\/a>\n        <\/div><div class=\"clr\"><\/div>\n        <\/div>\n\t\n      <div class=\"produkt\">\n        <div class=\"produkt-fot\"><div class=\"produkt-fot2\"><img decoding=\"async\" src=\"https:\/\/jupro-taim.pl\/jtpomiar\/wp-content\/uploads\/2017\/03\/metronic_fp3031.png\" \/><\/div><\/div>\n        <div class=\"produkt-txt\">\n          <h2>Przelicznik przep\u0142ywu FP3031<\/h2>\n\t\t\t<p>Przelicznik przep\u0142ywu (skompensowanego) i energii cieplnej pary, wody, innych medi\u00f3w ciek\u0142ych oraz skompensowanego przep\u0142ywu gaz\u00f3w technicznych z elektroniczn\u0105 rejestracj\u0105 wynik\u00f3w. Rozliczanie do dw\u00f3ch niezale\u017cnych uklad\u00f3w pomiarowych, funkcje alarmowo-steruj\u0105ce, mo\u017cliwo\u015b\u0107 pracy w systemach komputerowych.<\/p>\n\n          <a href=\"https:\/\/jupro-taim.pl\/jtpomiar\/produkt\/przeliczniki-przeplywu-i-energii\/przelicznik-przeplywu-fp3031\/\" class=\"prodlink\" title=\"Przelicznik przep\u0142ywu FP3031\">Szczeg\u00f3\u0142y produktu<\/a>\n        <\/div><div class=\"clr\"><\/div>\n        <\/div>\n\t\n      <div class=\"produkt\">\n        <div class=\"produkt-fot\"><div class=\"produkt-fot2\"><img decoding=\"async\" src=\"https:\/\/jupro-taim.pl\/jtpomiar\/wp-content\/uploads\/2017\/03\/metronic_fp3031n.png\" \/><\/div><\/div>\n        <div class=\"produkt-txt\">\n          <h2>Przelicznik przep\u0142ywu FP3031N<\/h2>\n\t\t\t<p>Przelicznik przep\u0142ywu (skompensowanego) i energii cieplnej pary, wody, innych medi\u00f3w ciek\u0142ych oraz skompensowanego przep\u0142ywu gaz\u00f3w technicznych z elektroniczn\u0105 rejestracj\u0105 wynik\u00f3w. Rozliczanie do dw\u00f3ch niezale\u017cnych uk\u0142ad\u00f3w pomiarowych, funkcje alarmowo-steruj\u0105ce, mo\u017cliwo\u015b\u0107 pracy w systemach komputerowych.<\/p>\n\n          <a href=\"https:\/\/jupro-taim.pl\/jtpomiar\/produkt\/przeliczniki-przeplywu-i-energii\/przelicznik-przeplywu-fp3031n\/\" class=\"prodlink\" title=\"Przelicznik przep\u0142ywu FP3031N\">Szczeg\u00f3\u0142y produktu<\/a>\n        <\/div><div class=\"clr\"><\/div>\n        <\/div>\n\t\n      <div class=\"produkt\">\n        <div class=\"produkt-fot\"><div class=\"produkt-fot2\"><img decoding=\"async\" src=\"https:\/\/jupro-taim.pl\/jtpomiar\/wp-content\/uploads\/2017\/03\/metronic_fp3021.png\" \/><\/div><\/div>\n        <div class=\"produkt-txt\">\n          <h2>Przelicznik przep\u0142ywu FP3021<\/h2>\n\t\t\t<p>Przelicznik przep\u0142ywu (skompensowanego) i energii cieplnej pary, wody, innych medi\u00f3w ciek\u0142ych oraz skompensowanego przep\u0142ywu gaz\u00f3w technicznych z elektroniczn\u0105 rejestracj\u0105 wynik\u00f3w. Rozliczanie do dw\u00f3ch niezale\u017cnych uk\u0142ad\u00f3w pomiarowych, funkcje alarmowo-steruj\u0105ce, mo\u017cliwo\u015b\u0107 pracy w systemach komputerowych. Wsp\u00f3\u0142praca z przetwornikami i urz\u0105dzeniami udost\u0119pniaj\u0105cymi dane po magistrali cyfrowej RS485.<\/p>\n\n          <a href=\"https:\/\/jupro-taim.pl\/jtpomiar\/produkt\/przeliczniki-przeplywu-i-energii\/przelicznik-przeplywu-fp3021\/\" class=\"prodlink\" title=\"Przelicznik przep\u0142ywu FP3021\">Szczeg\u00f3\u0142y produktu<\/a>\n        <\/div><div class=\"clr\"><\/div>\n        <\/div>\n\t\n      <div class=\"produkt\">\n        <div class=\"produkt-fot\"><div class=\"produkt-fot2\"><img decoding=\"async\" src=\"https:\/\/jupro-taim.pl\/jtpomiar\/wp-content\/uploads\/2017\/03\/metronic_fp3021n.png\" \/><\/div><\/div>\n        <div class=\"produkt-txt\">\n          <h2>Przelicznik przep\u0142ywu FP3021N<\/h2>\n\t\t\t<p>Przelicznik przep\u0142ywu (skompensowanego) i energii cieplnej pary, wody, innych medi\u00f3w ciek\u0142ych oraz skompensowanego przep\u0142ywu gaz\u00f3w technicznych z elektroniczn\u0105 rejestracj\u0105 wynik\u00f3w. Rozliczanie do dw\u00f3ch niezale\u017cnych uk\u0142ad\u00f3w pomiarowych, funkcje alarmowo-steruj\u0105ce, mo\u017cliwo\u015b\u0107 pracy w systemach komputerowych. Wsp\u00f3\u0142praca z przetwornikami i urz\u0105dzeniami udost\u0119pniaj\u0105cymi dane po magistrali cyfrowej RS485 zgodnie z protoko\u0142em Modbus RTU oraz w standardzie HART (r\u00f3wnie\u017c w trybie multidrop).<\/p>\n\n          <a href=\"https:\/\/jupro-taim.pl\/jtpomiar\/produkt\/przeliczniki-przeplywu-i-energii\/przelicznik-przeplywu-fp3021n\/\" class=\"prodlink\" title=\"Przelicznik przep\u0142ywu FP3021N\">Szczeg\u00f3\u0142y produktu<\/a>\n        <\/div><div class=\"clr\"><\/div>\n        <\/div>\n\t\n      <div class=\"produkt\">\n        <div class=\"produkt-fot\"><div class=\"produkt-fot2\"><img decoding=\"async\" src=\"https:\/\/jupro-taim.pl\/jtpomiar\/wp-content\/uploads\/2017\/03\/metronic_fp3011.png\" \/><\/div><\/div>\n        <div class=\"produkt-txt\">\n          <h2>Przelicznik przep\u0142ywu FP3011<\/h2>\n\t\t\t<p>Przelicznik przep\u0142ywu (skompensowanego) i energii cieplnej pary, wody, innych medi\u00f3w ciek\u0142ych oraz skompensowanego przep\u0142ywu gaz\u00f3w technicznych z elektroniczn\u0105 rejestracj\u0105 wynik\u00f3w. Rozliczanie do dw\u00f3ch niezale\u017cnych uklad\u00f3w pomiarowych, funkcje alarmowo-steruj\u0105ce, mo\u017cliwo\u015b\u0107 pracy w systemach komputerowych.<\/p>\n\n          <a href=\"https:\/\/jupro-taim.pl\/jtpomiar\/produkt\/przeliczniki-przeplywu-i-energii\/przelicznik-przeplywu-fp3011\/\" class=\"prodlink\" title=\"Przelicznik przep\u0142ywu FP3011\">Szczeg\u00f3\u0142y produktu<\/a>\n        <\/div><div class=\"clr\"><\/div>\n        <\/div>\n\t\n      <div class=\"produkt\">\n        <div class=\"produkt-fot\"><div class=\"produkt-fot2\"><img decoding=\"async\" src=\"https:\/\/jupro-taim.pl\/jtpomiar\/wp-content\/uploads\/2017\/03\/metronic_fp3011n.png\" \/><\/div><\/div>\n        <div class=\"produkt-txt\">\n          <h2>Przelicznik przep\u0142ywu FP3011N<\/h2>\n\t\t\t<p>Przelicznik przep\u0142ywu (skompensowanego) i energii cieplnej pary, wody, innych medi\u00f3w ciek\u0142ych oraz skompensowanego przep\u0142ywu gaz\u00f3w technicznych z elektroniczn\u0105 rejestracj\u0105 wynik\u00f3w. Rozliczanie do dw\u00f3ch niezale\u017cnych uklad\u00f3w pomiarowych, funkcje alarmowo-steruj\u0105ce, mo\u017cliwo\u015b\u0107 pracy w systemach komputerowych.<\/p>\n\n          <a href=\"https:\/\/jupro-taim.pl\/jtpomiar\/produkt\/przeliczniki-przeplywu-i-energii\/przelicznik-przeplywu-fp3011n\/\" class=\"prodlink\" title=\"Przelicznik przep\u0142ywu FP3011N\">Szczeg\u00f3\u0142y produktu<\/a>\n        <\/div><div class=\"clr\"><\/div>\n        <\/div>\n\t\n      <div class=\"produkt\">\n        <div class=\"produkt-fot\"><div class=\"produkt-fot2\"><img decoding=\"async\" src=\"https:\/\/jupro-taim.pl\/jtpomiar\/wp-content\/uploads\/2017\/03\/metronic_fp401.png\" \/><\/div><\/div>\n        <div class=\"produkt-txt\">\n          <h2>Licznik przep\u0142ywu FP-401<\/h2>\n\t\t\t<p>Nowoczesny, uniwersalny, programowalny i precyzyjny licznik przep\u0142ywu. Przyrz\u0105d wzbogacono m.in: o wewn\u0119trzn\u0105 pami\u0119\u0107 2GB, port USB oraz port Ethernet z mo\u017cliwo\u015bci\u0105 pobierania danych poprzez przegl\u0105dark\u0119 WWW. Jest to przyrz\u0105d tablicowy z funkcj\u0105 elektronicznej rejestracji wynik\u00f3w pomiar\u00f3w. Do przyrz\u0105du mo\u017cna pod\u0142\u0105czy\u0107 bezpo\u015brednio czujniki temperatury oraz r\u00f3\u017cnego typu przep\u0142ywomierze i przetworniki.<\/p>\n\n          <a href=\"https:\/\/jupro-taim.pl\/jtpomiar\/produkt\/przeliczniki-przeplywu-i-energii\/licznik-przeplywu-fp-401\/\" class=\"prodlink\" title=\"Licznik przep\u0142ywu FP-401\">Szczeg\u00f3\u0142y produktu<\/a>\n        <\/div><div class=\"clr\"><\/div>\n        <\/div>\n\t\n\t\n\t\n\t\n<\/div>\n\n\n","protected":false},"excerpt":{"rendered":"","protected":false},"author":1,"featured_media":0,"parent":20,"menu_order":0,"comment_status":"closed","ping_status":"closed","template":"","meta":{"footnotes":""},"class_list":["post-825","page","type-page","status-publish","hentry"],"yoast_head":"<!-- This site is optimized with the Yoast SEO plugin v26.1.1 - https:\/\/yoast.com\/wordpress\/plugins\/seo\/ -->\n<title>METRONIC AKP - Jupro Taim Pomiar<\/title>\n<meta name=\"robots\" content=\"index, follow, max-snippet:-1, max-image-preview:large, max-video-preview:-1\" \/>\n<link rel=\"canonical\" href=\"https:\/\/jupro-taim.pl\/jtpomiar\/producenci\/metronic-akp\/\" \/>\n<meta property=\"og:locale\" content=\"pl_PL\" \/>\n<meta property=\"og:type\" content=\"article\" \/>\n<meta property=\"og:title\" content=\"METRONIC AKP - Jupro Taim Pomiar\" \/>\n<meta property=\"og:url\" content=\"https:\/\/jupro-taim.pl\/jtpomiar\/producenci\/metronic-akp\/\" \/>\n<meta property=\"og:site_name\" content=\"Jupro Taim Pomiar\" \/>\n<meta name=\"twitter:card\" content=\"summary_large_image\" \/>\n<script type=\"application\/ld+json\" class=\"yoast-schema-graph\">{\"@context\":\"https:\/\/schema.org\",\"@graph\":[{\"@type\":\"WebPage\",\"@id\":\"https:\/\/jupro-taim.pl\/jtpomiar\/producenci\/metronic-akp\/\",\"url\":\"https:\/\/jupro-taim.pl\/jtpomiar\/producenci\/metronic-akp\/\",\"name\":\"METRONIC AKP - Jupro Taim Pomiar\",\"isPartOf\":{\"@id\":\"https:\/\/jupro-taim.pl\/jtpomiar\/#website\"},\"datePublished\":\"2017-06-30T11:40:52+00:00\",\"breadcrumb\":{\"@id\":\"https:\/\/jupro-taim.pl\/jtpomiar\/producenci\/metronic-akp\/#breadcrumb\"},\"inLanguage\":\"pl-PL\",\"potentialAction\":[{\"@type\":\"ReadAction\",\"target\":[\"https:\/\/jupro-taim.pl\/jtpomiar\/producenci\/metronic-akp\/\"]}]},{\"@type\":\"BreadcrumbList\",\"@id\":\"https:\/\/jupro-taim.pl\/jtpomiar\/producenci\/metronic-akp\/#breadcrumb\",\"itemListElement\":[{\"@type\":\"ListItem\",\"position\":1,\"name\":\"Strona g\u0142\u00f3wna\",\"item\":\"https:\/\/jupro-taim.pl\/jtpomiar\/\"},{\"@type\":\"ListItem\",\"position\":2,\"name\":\"Producenci\",\"item\":\"https:\/\/jupro-taim.pl\/jtpomiar\/producenci\/\"},{\"@type\":\"ListItem\",\"position\":3,\"name\":\"METRONIC AKP\"}]},{\"@type\":\"WebSite\",\"@id\":\"https:\/\/jupro-taim.pl\/jtpomiar\/#website\",\"url\":\"https:\/\/jupro-taim.pl\/jtpomiar\/\",\"name\":\"Jupro Taim Pomiar\",\"description\":\"Kompleksowe rozwi\u0105zania dla przemys\u0142u\",\"publisher\":{\"@id\":\"https:\/\/jupro-taim.pl\/jtpomiar\/#organization\"},\"potentialAction\":[{\"@type\":\"SearchAction\",\"target\":{\"@type\":\"EntryPoint\",\"urlTemplate\":\"https:\/\/jupro-taim.pl\/jtpomiar\/?s={search_term_string}\"},\"query-input\":{\"@type\":\"PropertyValueSpecification\",\"valueRequired\":true,\"valueName\":\"search_term_string\"}}],\"inLanguage\":\"pl-PL\"},{\"@type\":\"Organization\",\"@id\":\"https:\/\/jupro-taim.pl\/jtpomiar\/#organization\",\"name\":\"Jupro Taim K.Krawczy\u0144ska i S-ka Sp.J.\",\"url\":\"https:\/\/jupro-taim.pl\/jtpomiar\/\",\"logo\":{\"@type\":\"ImageObject\",\"inLanguage\":\"pl-PL\",\"@id\":\"https:\/\/jupro-taim.pl\/jtpomiar\/#\/schema\/logo\/image\/\",\"url\":\"https:\/\/jupro-taim.pl\/jtpomiar\/wp-content\/uploads\/2017\/08\/juprotaim_pomiar.jpg\",\"contentUrl\":\"https:\/\/jupro-taim.pl\/jtpomiar\/wp-content\/uploads\/2017\/08\/juprotaim_pomiar.jpg\",\"width\":520,\"height\":145,\"caption\":\"Jupro Taim K.Krawczy\u0144ska i S-ka Sp.J.\"},\"image\":{\"@id\":\"https:\/\/jupro-taim.pl\/jtpomiar\/#\/schema\/logo\/image\/\"}}]}<\/script>\n<!-- \/ Yoast SEO plugin. -->","yoast_head_json":{"title":"METRONIC AKP - Jupro Taim Pomiar","robots":{"index":"index","follow":"follow","max-snippet":"max-snippet:-1","max-image-preview":"max-image-preview:large","max-video-preview":"max-video-preview:-1"},"canonical":"https:\/\/jupro-taim.pl\/jtpomiar\/producenci\/metronic-akp\/","og_locale":"pl_PL","og_type":"article","og_title":"METRONIC AKP - Jupro Taim Pomiar","og_url":"https:\/\/jupro-taim.pl\/jtpomiar\/producenci\/metronic-akp\/","og_site_name":"Jupro Taim Pomiar","twitter_card":"summary_large_image","schema":{"@context":"https:\/\/schema.org","@graph":[{"@type":"WebPage","@id":"https:\/\/jupro-taim.pl\/jtpomiar\/producenci\/metronic-akp\/","url":"https:\/\/jupro-taim.pl\/jtpomiar\/producenci\/metronic-akp\/","name":"METRONIC AKP - Jupro Taim Pomiar","isPartOf":{"@id":"https:\/\/jupro-taim.pl\/jtpomiar\/#website"},"datePublished":"2017-06-30T11:40:52+00:00","breadcrumb":{"@id":"https:\/\/jupro-taim.pl\/jtpomiar\/producenci\/metronic-akp\/#breadcrumb"},"inLanguage":"pl-PL","potentialAction":[{"@type":"ReadAction","target":["https:\/\/jupro-taim.pl\/jtpomiar\/producenci\/metronic-akp\/"]}]},{"@type":"BreadcrumbList","@id":"https:\/\/jupro-taim.pl\/jtpomiar\/producenci\/metronic-akp\/#breadcrumb","itemListElement":[{"@type":"ListItem","position":1,"name":"Strona g\u0142\u00f3wna","item":"https:\/\/jupro-taim.pl\/jtpomiar\/"},{"@type":"ListItem","position":2,"name":"Producenci","item":"https:\/\/jupro-taim.pl\/jtpomiar\/producenci\/"},{"@type":"ListItem","position":3,"name":"METRONIC AKP"}]},{"@type":"WebSite","@id":"https:\/\/jupro-taim.pl\/jtpomiar\/#website","url":"https:\/\/jupro-taim.pl\/jtpomiar\/","name":"Jupro Taim Pomiar","description":"Kompleksowe rozwi\u0105zania dla przemys\u0142u","publisher":{"@id":"https:\/\/jupro-taim.pl\/jtpomiar\/#organization"},"potentialAction":[{"@type":"SearchAction","target":{"@type":"EntryPoint","urlTemplate":"https:\/\/jupro-taim.pl\/jtpomiar\/?s={search_term_string}"},"query-input":{"@type":"PropertyValueSpecification","valueRequired":true,"valueName":"search_term_string"}}],"inLanguage":"pl-PL"},{"@type":"Organization","@id":"https:\/\/jupro-taim.pl\/jtpomiar\/#organization","name":"Jupro Taim K.Krawczy\u0144ska i S-ka Sp.J.","url":"https:\/\/jupro-taim.pl\/jtpomiar\/","logo":{"@type":"ImageObject","inLanguage":"pl-PL","@id":"https:\/\/jupro-taim.pl\/jtpomiar\/#\/schema\/logo\/image\/","url":"https:\/\/jupro-taim.pl\/jtpomiar\/wp-content\/uploads\/2017\/08\/juprotaim_pomiar.jpg","contentUrl":"https:\/\/jupro-taim.pl\/jtpomiar\/wp-content\/uploads\/2017\/08\/juprotaim_pomiar.jpg","width":520,"height":145,"caption":"Jupro Taim K.Krawczy\u0144ska i S-ka Sp.J."},"image":{"@id":"https:\/\/jupro-taim.pl\/jtpomiar\/#\/schema\/logo\/image\/"}}]}},"_links":{"self":[{"href":"https:\/\/jupro-taim.pl\/jtpomiar\/wp-json\/wp\/v2\/pages\/825","targetHints":{"allow":["GET"]}}],"collection":[{"href":"https:\/\/jupro-taim.pl\/jtpomiar\/wp-json\/wp\/v2\/pages"}],"about":[{"href":"https:\/\/jupro-taim.pl\/jtpomiar\/wp-json\/wp\/v2\/types\/page"}],"author":[{"embeddable":true,"href":"https:\/\/jupro-taim.pl\/jtpomiar\/wp-json\/wp\/v2\/users\/1"}],"replies":[{"embeddable":true,"href":"https:\/\/jupro-taim.pl\/jtpomiar\/wp-json\/wp\/v2\/comments?post=825"}],"version-history":[{"count":0,"href":"https:\/\/jupro-taim.pl\/jtpomiar\/wp-json\/wp\/v2\/pages\/825\/revisions"}],"up":[{"embeddable":true,"href":"https:\/\/jupro-taim.pl\/jtpomiar\/wp-json\/wp\/v2\/pages\/20"}],"wp:attachment":[{"href":"https:\/\/jupro-taim.pl\/jtpomiar\/wp-json\/wp\/v2\/media?parent=825"}],"curies":[{"name":"wp","href":"https:\/\/api.w.org\/{rel}","templated":true}]}}