{"id":628,"date":"2017-06-08T14:25:43","date_gmt":"2017-06-08T12:25:43","guid":{"rendered":"http:\/\/jtpomiar.pl\/?page_id=628"},"modified":"2019-02-08T14:30:42","modified_gmt":"2019-02-08T13:30:42","slug":"uslugi","status":"publish","type":"page","link":"https:\/\/jupro-taim.pl\/jtpomiar\/uslugi\/","title":{"rendered":"Us\u0142ugi"},"content":{"rendered":"<p style=\"text-align: justify;\">Us\u0142ugi serwisowe s\u0105 integraln\u0105 cz\u0119\u015bci\u0105 naszej oferty. Na ka\u017cdym etapie procesu projektowania, monta\u017cu, uruchomienia, eksploatacji, konserwacji i kalibracji oferujemy wsparcie dla naszych partner\u00f3w biznesowych dostarczaj\u0105c im optymalnych rozwi\u0105za\u0144.<\/p>\n<p><strong>Nasze us\u0142ugi \u015bwiadczymy na terenie ca\u0142ego kraju w zakresie:<\/strong><\/p>\n<ul>\n<li>Doradztwa i szkole\u0144 technicznych<\/li>\n<li>Doboru urz\u0105dze\u0144 aparatury kontrolno-pomiarowej<\/li>\n<li><a href=\"https:\/\/jupro-taim.pl\/jtpomiar\/pomiary-kontrolne-na-obiektach\/\">Pomiar\u00f3w kontrolnych na obiektach<\/a><\/li>\n<li>Programowania i uruchamiania urz\u0105dze\u0144<\/li>\n<li>Kalibracji i sprawdzenie aparatury kontrolno-pomiarowej<\/li>\n<li>Serwisu gwarancyjnego i pogwarancyjnego urz\u0105dze\u0144<\/li>\n<li>Audyt energetycznego i optymalizacji proces\u00f3w<\/li>\n<li>Wypo\u017cyczenia sprz\u0119tu pomiarowego<\/li>\n<\/ul>\n","protected":false},"excerpt":{"rendered":"<p>Us\u0142ugi serwisowe s\u0105 integraln\u0105 cz\u0119\u015bci\u0105 naszej oferty. Na ka\u017cdym etapie procesu projektowania, monta\u017cu, uruchomienia, eksploatacji, konserwacji i kalibracji oferujemy wsparcie dla naszych partner\u00f3w biznesowych dostarczaj\u0105c im optymalnych rozwi\u0105za\u0144. Nasze us\u0142ugi \u015bwiadczymy na terenie ca\u0142ego kraju w zakresie: Doradztwa i szkole\u0144 technicznych Doboru urz\u0105dze\u0144 aparatury kontrolno-pomiarowej Pomiar\u00f3w kontrolnych na obiektach Programowania i uruchamiania urz\u0105dze\u0144 Kalibracji i &hellip; <a href=\"https:\/\/jupro-taim.pl\/jtpomiar\/uslugi\/\" class=\"more-link\">Czytaj dalej<span class=\"screen-reader-text\"> Us\u0142ugi<\/span><\/a><\/p>\n","protected":false},"author":1,"featured_media":0,"parent":0,"menu_order":0,"comment_status":"closed","ping_status":"closed","template":"","meta":{"footnotes":""},"class_list":["post-628","page","type-page","status-publish","hentry"],"yoast_head":"<!-- This site is optimized with the Yoast SEO plugin v26.1.1 - https:\/\/yoast.com\/wordpress\/plugins\/seo\/ -->\n<title>Us\u0142ugi - Jupro Taim Pomiar<\/title>\n<meta name=\"description\" content=\"Us\u0142ugi serwisowe s\u0105 integraln\u0105 cz\u0119\u015bci\u0105 naszej oferty. Na ka\u017cdym etapie procesu projektowania, monta\u017cu, uruchomienia, eksploatacji, konserwacji i\" \/>\n<meta name=\"robots\" content=\"index, follow, max-snippet:-1, max-image-preview:large, max-video-preview:-1\" \/>\n<link rel=\"canonical\" href=\"https:\/\/jupro-taim.pl\/jtpomiar\/uslugi\/\" \/>\n<meta property=\"og:locale\" content=\"pl_PL\" \/>\n<meta property=\"og:type\" content=\"article\" \/>\n<meta property=\"og:title\" content=\"Us\u0142ugi - Jupro Taim Pomiar\" \/>\n<meta property=\"og:description\" content=\"Us\u0142ugi serwisowe s\u0105 integraln\u0105 cz\u0119\u015bci\u0105 naszej oferty. Na ka\u017cdym etapie procesu projektowania, monta\u017cu, uruchomienia, eksploatacji, konserwacji i\" \/>\n<meta property=\"og:url\" content=\"https:\/\/jupro-taim.pl\/jtpomiar\/uslugi\/\" \/>\n<meta property=\"og:site_name\" content=\"Jupro Taim Pomiar\" \/>\n<meta property=\"article:modified_time\" content=\"2019-02-08T13:30:42+00:00\" \/>\n<meta name=\"twitter:card\" content=\"summary_large_image\" \/>\n<script type=\"application\/ld+json\" class=\"yoast-schema-graph\">{\"@context\":\"https:\/\/schema.org\",\"@graph\":[{\"@type\":\"WebPage\",\"@id\":\"https:\/\/jupro-taim.pl\/jtpomiar\/uslugi\/\",\"url\":\"https:\/\/jupro-taim.pl\/jtpomiar\/uslugi\/\",\"name\":\"Us\u0142ugi - Jupro Taim Pomiar\",\"isPartOf\":{\"@id\":\"https:\/\/jupro-taim.pl\/jtpomiar\/#website\"},\"datePublished\":\"2017-06-08T12:25:43+00:00\",\"dateModified\":\"2019-02-08T13:30:42+00:00\",\"description\":\"Us\u0142ugi serwisowe s\u0105 integraln\u0105 cz\u0119\u015bci\u0105 naszej oferty. Na ka\u017cdym etapie procesu projektowania, monta\u017cu, uruchomienia, eksploatacji, konserwacji i\",\"breadcrumb\":{\"@id\":\"https:\/\/jupro-taim.pl\/jtpomiar\/uslugi\/#breadcrumb\"},\"inLanguage\":\"pl-PL\",\"potentialAction\":[{\"@type\":\"ReadAction\",\"target\":[\"https:\/\/jupro-taim.pl\/jtpomiar\/uslugi\/\"]}]},{\"@type\":\"BreadcrumbList\",\"@id\":\"https:\/\/jupro-taim.pl\/jtpomiar\/uslugi\/#breadcrumb\",\"itemListElement\":[{\"@type\":\"ListItem\",\"position\":1,\"name\":\"Strona g\u0142\u00f3wna\",\"item\":\"https:\/\/jupro-taim.pl\/jtpomiar\/\"},{\"@type\":\"ListItem\",\"position\":2,\"name\":\"Us\u0142ugi\"}]},{\"@type\":\"WebSite\",\"@id\":\"https:\/\/jupro-taim.pl\/jtpomiar\/#website\",\"url\":\"https:\/\/jupro-taim.pl\/jtpomiar\/\",\"name\":\"Jupro Taim Pomiar\",\"description\":\"Kompleksowe rozwi\u0105zania dla przemys\u0142u\",\"publisher\":{\"@id\":\"https:\/\/jupro-taim.pl\/jtpomiar\/#organization\"},\"potentialAction\":[{\"@type\":\"SearchAction\",\"target\":{\"@type\":\"EntryPoint\",\"urlTemplate\":\"https:\/\/jupro-taim.pl\/jtpomiar\/?s={search_term_string}\"},\"query-input\":{\"@type\":\"PropertyValueSpecification\",\"valueRequired\":true,\"valueName\":\"search_term_string\"}}],\"inLanguage\":\"pl-PL\"},{\"@type\":\"Organization\",\"@id\":\"https:\/\/jupro-taim.pl\/jtpomiar\/#organization\",\"name\":\"Jupro Taim K.Krawczy\u0144ska i S-ka Sp.J.\",\"url\":\"https:\/\/jupro-taim.pl\/jtpomiar\/\",\"logo\":{\"@type\":\"ImageObject\",\"inLanguage\":\"pl-PL\",\"@id\":\"https:\/\/jupro-taim.pl\/jtpomiar\/#\/schema\/logo\/image\/\",\"url\":\"https:\/\/jupro-taim.pl\/jtpomiar\/wp-content\/uploads\/2017\/08\/juprotaim_pomiar.jpg\",\"contentUrl\":\"https:\/\/jupro-taim.pl\/jtpomiar\/wp-content\/uploads\/2017\/08\/juprotaim_pomiar.jpg\",\"width\":520,\"height\":145,\"caption\":\"Jupro Taim K.Krawczy\u0144ska i S-ka Sp.J.\"},\"image\":{\"@id\":\"https:\/\/jupro-taim.pl\/jtpomiar\/#\/schema\/logo\/image\/\"}}]}<\/script>\n<!-- \/ Yoast SEO plugin. -->","yoast_head_json":{"title":"Us\u0142ugi - Jupro Taim Pomiar","description":"Us\u0142ugi serwisowe s\u0105 integraln\u0105 cz\u0119\u015bci\u0105 naszej oferty. Na ka\u017cdym etapie procesu projektowania, monta\u017cu, uruchomienia, eksploatacji, konserwacji i","robots":{"index":"index","follow":"follow","max-snippet":"max-snippet:-1","max-image-preview":"max-image-preview:large","max-video-preview":"max-video-preview:-1"},"canonical":"https:\/\/jupro-taim.pl\/jtpomiar\/uslugi\/","og_locale":"pl_PL","og_type":"article","og_title":"Us\u0142ugi - Jupro Taim Pomiar","og_description":"Us\u0142ugi serwisowe s\u0105 integraln\u0105 cz\u0119\u015bci\u0105 naszej oferty. Na ka\u017cdym etapie procesu projektowania, monta\u017cu, uruchomienia, eksploatacji, konserwacji i","og_url":"https:\/\/jupro-taim.pl\/jtpomiar\/uslugi\/","og_site_name":"Jupro Taim Pomiar","article_modified_time":"2019-02-08T13:30:42+00:00","twitter_card":"summary_large_image","schema":{"@context":"https:\/\/schema.org","@graph":[{"@type":"WebPage","@id":"https:\/\/jupro-taim.pl\/jtpomiar\/uslugi\/","url":"https:\/\/jupro-taim.pl\/jtpomiar\/uslugi\/","name":"Us\u0142ugi - Jupro Taim Pomiar","isPartOf":{"@id":"https:\/\/jupro-taim.pl\/jtpomiar\/#website"},"datePublished":"2017-06-08T12:25:43+00:00","dateModified":"2019-02-08T13:30:42+00:00","description":"Us\u0142ugi serwisowe s\u0105 integraln\u0105 cz\u0119\u015bci\u0105 naszej oferty. Na ka\u017cdym etapie procesu projektowania, monta\u017cu, uruchomienia, eksploatacji, konserwacji i","breadcrumb":{"@id":"https:\/\/jupro-taim.pl\/jtpomiar\/uslugi\/#breadcrumb"},"inLanguage":"pl-PL","potentialAction":[{"@type":"ReadAction","target":["https:\/\/jupro-taim.pl\/jtpomiar\/uslugi\/"]}]},{"@type":"BreadcrumbList","@id":"https:\/\/jupro-taim.pl\/jtpomiar\/uslugi\/#breadcrumb","itemListElement":[{"@type":"ListItem","position":1,"name":"Strona g\u0142\u00f3wna","item":"https:\/\/jupro-taim.pl\/jtpomiar\/"},{"@type":"ListItem","position":2,"name":"Us\u0142ugi"}]},{"@type":"WebSite","@id":"https:\/\/jupro-taim.pl\/jtpomiar\/#website","url":"https:\/\/jupro-taim.pl\/jtpomiar\/","name":"Jupro Taim Pomiar","description":"Kompleksowe rozwi\u0105zania dla przemys\u0142u","publisher":{"@id":"https:\/\/jupro-taim.pl\/jtpomiar\/#organization"},"potentialAction":[{"@type":"SearchAction","target":{"@type":"EntryPoint","urlTemplate":"https:\/\/jupro-taim.pl\/jtpomiar\/?s={search_term_string}"},"query-input":{"@type":"PropertyValueSpecification","valueRequired":true,"valueName":"search_term_string"}}],"inLanguage":"pl-PL"},{"@type":"Organization","@id":"https:\/\/jupro-taim.pl\/jtpomiar\/#organization","name":"Jupro Taim K.Krawczy\u0144ska i S-ka Sp.J.","url":"https:\/\/jupro-taim.pl\/jtpomiar\/","logo":{"@type":"ImageObject","inLanguage":"pl-PL","@id":"https:\/\/jupro-taim.pl\/jtpomiar\/#\/schema\/logo\/image\/","url":"https:\/\/jupro-taim.pl\/jtpomiar\/wp-content\/uploads\/2017\/08\/juprotaim_pomiar.jpg","contentUrl":"https:\/\/jupro-taim.pl\/jtpomiar\/wp-content\/uploads\/2017\/08\/juprotaim_pomiar.jpg","width":520,"height":145,"caption":"Jupro Taim K.Krawczy\u0144ska i S-ka Sp.J."},"image":{"@id":"https:\/\/jupro-taim.pl\/jtpomiar\/#\/schema\/logo\/image\/"}}]}},"_links":{"self":[{"href":"https:\/\/jupro-taim.pl\/jtpomiar\/wp-json\/wp\/v2\/pages\/628","targetHints":{"allow":["GET"]}}],"collection":[{"href":"https:\/\/jupro-taim.pl\/jtpomiar\/wp-json\/wp\/v2\/pages"}],"about":[{"href":"https:\/\/jupro-taim.pl\/jtpomiar\/wp-json\/wp\/v2\/types\/page"}],"author":[{"embeddable":true,"href":"https:\/\/jupro-taim.pl\/jtpomiar\/wp-json\/wp\/v2\/users\/1"}],"replies":[{"embeddable":true,"href":"https:\/\/jupro-taim.pl\/jtpomiar\/wp-json\/wp\/v2\/comments?post=628"}],"version-history":[{"count":1,"href":"https:\/\/jupro-taim.pl\/jtpomiar\/wp-json\/wp\/v2\/pages\/628\/revisions"}],"predecessor-version":[{"id":1302,"href":"https:\/\/jupro-taim.pl\/jtpomiar\/wp-json\/wp\/v2\/pages\/628\/revisions\/1302"}],"wp:attachment":[{"href":"https:\/\/jupro-taim.pl\/jtpomiar\/wp-json\/wp\/v2\/media?parent=628"}],"curies":[{"name":"wp","href":"https:\/\/api.w.org\/{rel}","templated":true}]}}