{"id":13,"date":"2018-05-18T14:15:42","date_gmt":"2018-05-18T12:15:42","guid":{"rendered":"http:\/\/www.jtmarine.pl\/?page_id=13"},"modified":"2018-06-19T14:45:48","modified_gmt":"2018-06-19T12:45:48","slug":"firma","status":"publish","type":"page","link":"https:\/\/jupro-taim.pl\/jtmarine\/firma\/","title":{"rendered":"Firma"},"content":{"rendered":"<p>[et_pb_section bb_built=&#8221;1&#8243;][et_pb_row _builder_version=&#8221;3.6&#8243;][et_pb_column type=&#8221;4_4&#8243;][et_pb_post_title _builder_version=&#8221;3.6&#8243; meta=&#8221;off&#8221; featured_image=&#8221;off&#8221; \/][et_pb_text _builder_version=&#8221;3.6&#8243;]<\/p>\n<p>Dzia\u0142 Jupro Taim Marine firmy <a href=\"http:\/\/jupro-taim.pl\/\" target=\"_blank\" rel=\"noopener\">Jupro Taim Electric<\/a>\u00a0jest partnerem technicznym i dystrybutorem firmy <a href=\"https:\/\/www.simarine.net\/\" target=\"_blank\" rel=\"noopener\">SIMARINE<\/a>.<\/p>\n<p>Firma oferuje kompleksowe rozwi\u0105zania i systemy monitorowania zasilania i stanu baterii na jachtach, motor\u00f3wkach, samochodach kempingowych i innych zastosowaniach wymagaj\u0105cych precyzyjnego monitorowania baterii akumulator\u00f3w.<\/p>\n<p>&nbsp;<\/p>\n<p><img loading=\"lazy\" decoding=\"async\" class=\"aligncenter size-full wp-image-343\" src=\"https:\/\/jupro-taim.pl\/jtmarine\/wp-content\/uploads\/2018\/06\/firma.jpg\" alt=\"\" width=\"1080\" height=\"562\" srcset=\"https:\/\/jupro-taim.pl\/jtmarine\/wp-content\/uploads\/2018\/06\/firma.jpg 1080w, https:\/\/jupro-taim.pl\/jtmarine\/wp-content\/uploads\/2018\/06\/firma-300x156.jpg 300w, https:\/\/jupro-taim.pl\/jtmarine\/wp-content\/uploads\/2018\/06\/firma-768x400.jpg 768w, https:\/\/jupro-taim.pl\/jtmarine\/wp-content\/uploads\/2018\/06\/firma-1024x533.jpg 1024w\" sizes=\"(max-width: 1080px) 100vw, 1080px\" \/><\/p>\n<p>&nbsp;<\/p>\n<p>Jupro-Taim jest aktywnie obecna na rynku od 1994 roku, skutecznie zwi\u0119kszaj\u0105c zakres swojej oferty i obszary dzia\u0142alno\u015bci przy nieustannym podnoszeniu jako\u015bci swoich us\u0142ug. G\u0142\u00f3wne obszary dzia\u0142alno\u015bci firmy to profesjonalne rozwi\u0105zania dla przemys\u0142u i dostawa aparatury w zakresie elektrotechniki, automatyki, pneumatyki i pomiar\u00f3w procesowych.<\/p>\n<p>[\/et_pb_text][\/et_pb_column][\/et_pb_row][\/et_pb_section]<\/p>\n","protected":false},"excerpt":{"rendered":"<p>Dzia\u0142 Jupro Taim Marine firmy Jupro Taim Electric\u00a0jest partnerem technicznym i dystrybutorem firmy SIMARINE. Firma oferuje kompleksowe rozwi\u0105zania i systemy monitorowania zasilania i stanu baterii na jachtach, motor\u00f3wkach, samochodach kempingowych i innych zastosowaniach wymagaj\u0105cych precyzyjnego monitorowania baterii akumulator\u00f3w. &nbsp; &nbsp; Jupro-Taim jest aktywnie obecna na rynku od 1994 roku, skutecznie zwi\u0119kszaj\u0105c zakres swojej oferty i [&hellip;]<\/p>\n","protected":false},"author":1,"featured_media":0,"parent":0,"menu_order":0,"comment_status":"closed","ping_status":"closed","template":"","meta":{"_et_pb_use_builder":"on","_et_pb_old_content":"","_et_gb_content_width":"","footnotes":""},"class_list":["post-13","page","type-page","status-publish","hentry"],"yoast_head":"<!-- This site is optimized with the Yoast SEO plugin v23.6 - https:\/\/yoast.com\/wordpress\/plugins\/seo\/ -->\n<title>Firma - jtmarine<\/title>\n<meta name=\"robots\" content=\"index, follow, max-snippet:-1, max-image-preview:large, max-video-preview:-1\" \/>\n<link rel=\"canonical\" href=\"https:\/\/jupro-taim.pl\/jtmarine\/firma\/\" \/>\n<meta property=\"og:locale\" content=\"en_US\" \/>\n<meta property=\"og:type\" content=\"article\" \/>\n<meta property=\"og:title\" content=\"Firma - jtmarine\" \/>\n<meta property=\"og:url\" content=\"https:\/\/jupro-taim.pl\/jtmarine\/firma\/\" \/>\n<meta property=\"og:site_name\" content=\"jtmarine\" \/>\n<meta property=\"article:modified_time\" content=\"2018-06-19T12:45:48+00:00\" \/>\n<meta property=\"og:image\" content=\"https:\/\/jupro-taim.pl\/jtmarine\/wp-content\/uploads\/2018\/06\/firma.jpg\" \/>\n<meta name=\"twitter:card\" content=\"summary_large_image\" \/>\n<meta name=\"twitter:label1\" content=\"Est. reading time\" \/>\n\t<meta name=\"twitter:data1\" content=\"1 minute\" \/>\n<script type=\"application\/ld+json\" class=\"yoast-schema-graph\">{\"@context\":\"https:\/\/schema.org\",\"@graph\":[{\"@type\":\"WebPage\",\"@id\":\"https:\/\/jupro-taim.pl\/jtmarine\/firma\/\",\"url\":\"https:\/\/jupro-taim.pl\/jtmarine\/firma\/\",\"name\":\"Firma - jtmarine\",\"isPartOf\":{\"@id\":\"https:\/\/jupro-taim.pl\/jtmarine\/#website\"},\"primaryImageOfPage\":{\"@id\":\"https:\/\/jupro-taim.pl\/jtmarine\/firma\/#primaryimage\"},\"image\":{\"@id\":\"https:\/\/jupro-taim.pl\/jtmarine\/firma\/#primaryimage\"},\"thumbnailUrl\":\"https:\/\/jupro-taim.pl\/jtmarine\/wp-content\/uploads\/2018\/06\/firma.jpg\",\"datePublished\":\"2018-05-18T12:15:42+00:00\",\"dateModified\":\"2018-06-19T12:45:48+00:00\",\"breadcrumb\":{\"@id\":\"https:\/\/jupro-taim.pl\/jtmarine\/firma\/#breadcrumb\"},\"inLanguage\":\"en-US\",\"potentialAction\":[{\"@type\":\"ReadAction\",\"target\":[\"https:\/\/jupro-taim.pl\/jtmarine\/firma\/\"]}]},{\"@type\":\"ImageObject\",\"inLanguage\":\"en-US\",\"@id\":\"https:\/\/jupro-taim.pl\/jtmarine\/firma\/#primaryimage\",\"url\":\"https:\/\/jupro-taim.pl\/jtmarine\/wp-content\/uploads\/2018\/06\/firma.jpg\",\"contentUrl\":\"https:\/\/jupro-taim.pl\/jtmarine\/wp-content\/uploads\/2018\/06\/firma.jpg\",\"width\":1080,\"height\":562},{\"@type\":\"BreadcrumbList\",\"@id\":\"https:\/\/jupro-taim.pl\/jtmarine\/firma\/#breadcrumb\",\"itemListElement\":[{\"@type\":\"ListItem\",\"position\":1,\"name\":\"Strona g\u0142\u00f3wna\",\"item\":\"https:\/\/jupro-taim.pl\/jtmarine\/\"},{\"@type\":\"ListItem\",\"position\":2,\"name\":\"Firma\"}]},{\"@type\":\"WebSite\",\"@id\":\"https:\/\/jupro-taim.pl\/jtmarine\/#website\",\"url\":\"https:\/\/jupro-taim.pl\/jtmarine\/\",\"name\":\"jtmarine\",\"description\":\"\",\"potentialAction\":[{\"@type\":\"SearchAction\",\"target\":{\"@type\":\"EntryPoint\",\"urlTemplate\":\"https:\/\/jupro-taim.pl\/jtmarine\/?s={search_term_string}\"},\"query-input\":{\"@type\":\"PropertyValueSpecification\",\"valueRequired\":true,\"valueName\":\"search_term_string\"}}],\"inLanguage\":\"en-US\"}]}<\/script>\n<!-- \/ Yoast SEO plugin. -->","yoast_head_json":{"title":"Firma - jtmarine","robots":{"index":"index","follow":"follow","max-snippet":"max-snippet:-1","max-image-preview":"max-image-preview:large","max-video-preview":"max-video-preview:-1"},"canonical":"https:\/\/jupro-taim.pl\/jtmarine\/firma\/","og_locale":"en_US","og_type":"article","og_title":"Firma - jtmarine","og_url":"https:\/\/jupro-taim.pl\/jtmarine\/firma\/","og_site_name":"jtmarine","article_modified_time":"2018-06-19T12:45:48+00:00","og_image":[{"url":"https:\/\/jupro-taim.pl\/jtmarine\/wp-content\/uploads\/2018\/06\/firma.jpg"}],"twitter_card":"summary_large_image","twitter_misc":{"Est. reading time":"1 minute"},"schema":{"@context":"https:\/\/schema.org","@graph":[{"@type":"WebPage","@id":"https:\/\/jupro-taim.pl\/jtmarine\/firma\/","url":"https:\/\/jupro-taim.pl\/jtmarine\/firma\/","name":"Firma - jtmarine","isPartOf":{"@id":"https:\/\/jupro-taim.pl\/jtmarine\/#website"},"primaryImageOfPage":{"@id":"https:\/\/jupro-taim.pl\/jtmarine\/firma\/#primaryimage"},"image":{"@id":"https:\/\/jupro-taim.pl\/jtmarine\/firma\/#primaryimage"},"thumbnailUrl":"https:\/\/jupro-taim.pl\/jtmarine\/wp-content\/uploads\/2018\/06\/firma.jpg","datePublished":"2018-05-18T12:15:42+00:00","dateModified":"2018-06-19T12:45:48+00:00","breadcrumb":{"@id":"https:\/\/jupro-taim.pl\/jtmarine\/firma\/#breadcrumb"},"inLanguage":"en-US","potentialAction":[{"@type":"ReadAction","target":["https:\/\/jupro-taim.pl\/jtmarine\/firma\/"]}]},{"@type":"ImageObject","inLanguage":"en-US","@id":"https:\/\/jupro-taim.pl\/jtmarine\/firma\/#primaryimage","url":"https:\/\/jupro-taim.pl\/jtmarine\/wp-content\/uploads\/2018\/06\/firma.jpg","contentUrl":"https:\/\/jupro-taim.pl\/jtmarine\/wp-content\/uploads\/2018\/06\/firma.jpg","width":1080,"height":562},{"@type":"BreadcrumbList","@id":"https:\/\/jupro-taim.pl\/jtmarine\/firma\/#breadcrumb","itemListElement":[{"@type":"ListItem","position":1,"name":"Strona g\u0142\u00f3wna","item":"https:\/\/jupro-taim.pl\/jtmarine\/"},{"@type":"ListItem","position":2,"name":"Firma"}]},{"@type":"WebSite","@id":"https:\/\/jupro-taim.pl\/jtmarine\/#website","url":"https:\/\/jupro-taim.pl\/jtmarine\/","name":"jtmarine","description":"","potentialAction":[{"@type":"SearchAction","target":{"@type":"EntryPoint","urlTemplate":"https:\/\/jupro-taim.pl\/jtmarine\/?s={search_term_string}"},"query-input":{"@type":"PropertyValueSpecification","valueRequired":true,"valueName":"search_term_string"}}],"inLanguage":"en-US"}]}},"_links":{"self":[{"href":"https:\/\/jupro-taim.pl\/jtmarine\/wp-json\/wp\/v2\/pages\/13"}],"collection":[{"href":"https:\/\/jupro-taim.pl\/jtmarine\/wp-json\/wp\/v2\/pages"}],"about":[{"href":"https:\/\/jupro-taim.pl\/jtmarine\/wp-json\/wp\/v2\/types\/page"}],"author":[{"embeddable":true,"href":"https:\/\/jupro-taim.pl\/jtmarine\/wp-json\/wp\/v2\/users\/1"}],"replies":[{"embeddable":true,"href":"https:\/\/jupro-taim.pl\/jtmarine\/wp-json\/wp\/v2\/comments?post=13"}],"version-history":[{"count":4,"href":"https:\/\/jupro-taim.pl\/jtmarine\/wp-json\/wp\/v2\/pages\/13\/revisions"}],"predecessor-version":[{"id":364,"href":"https:\/\/jupro-taim.pl\/jtmarine\/wp-json\/wp\/v2\/pages\/13\/revisions\/364"}],"wp:attachment":[{"href":"https:\/\/jupro-taim.pl\/jtmarine\/wp-json\/wp\/v2\/media?parent=13"}],"curies":[{"name":"wp","href":"https:\/\/api.w.org\/{rel}","templated":true}]}}